{"id":555,"date":"2017-03-02T17:09:22","date_gmt":"2017-03-02T16:09:22","guid":{"rendered":"http:\/\/www.reimeikan.com\/dojo\/?page_id=555"},"modified":"2017-03-08T16:58:37","modified_gmt":"2017-03-08T15:58:37","slug":"kata","status":"publish","type":"page","link":"https:\/\/www.reimeikan.com\/dojo\/index.php\/kata\/","title":{"rendered":"Kata Shotokan"},"content":{"rendered":"<h3 style=\"text-align: center;\"><strong>Classificazione dei 26 kata shotokan<\/strong><\/h3>\n<p>&nbsp;<\/p>\n<ul style=\"list-style: none;\">\n<li style=\"width: 250px; float: left; list-style-type: none;\">\n<ul style=\"list-style: none;\">\n<li><span style=\"color: #0000ff;\">Heian<\/span><\/li>\n<li><span style=\"color: #0000ff;\">Tekki<\/span><\/li>\n<li><span style=\"color: #0000ff;\">Bassai<\/span><\/li>\n<li><span style=\"color: #0000ff;\">Kanku<\/span><\/li>\n<li><span style=\"color: #0000ff;\">Jiin<\/span><\/li>\n<li><span style=\"color: #0000ff;\">Jion<\/span><\/li>\n<li><span style=\"color: #0000ff;\">Jitte<\/span><\/li>\n<li><span style=\"color: #0000ff;\">Meikyo<\/span><\/li>\n<li><span style=\"color: #0000ff;\">Nijushiho<\/span><\/li>\n<\/ul>\n<\/li>\n<li>\n<ul style=\"list-style: none;\">\n<li><span style=\"color: #0000ff;\"><span style=\"color: #0000ff;\">Sochin<\/span><\/span><\/li>\n<li><span style=\"color: #0000ff;\"><span style=\"color: #0000ff;\">Gojushiho<\/span><\/span><\/li>\n<li><span style=\"color: #0000ff;\"><span style=\"color: #0000ff;\">Hangetsu<\/span><\/span><\/li>\n<li><span style=\"color: #0000ff;\"><span style=\"color: #0000ff;\">Gankaku<\/span><\/span><\/li>\n<li><span style=\"color: #0000ff;\"><span style=\"color: #0000ff;\">Enpi<\/span><\/span><\/li>\n<li><span style=\"color: #0000ff;\"><span style=\"color: #0000ff;\">Chinte<\/span><\/span><\/li>\n<li><span style=\"color: #0000ff;\"><span style=\"color: #0000ff;\">Unsu<\/span><\/span><\/li>\n<li><span style=\"color: #0000ff;\"><span style=\"color: #0000ff;\">Wankan<\/span><\/span><\/li>\n<li><span style=\"color: #0000ff;\">\u00a0<\/span><\/li>\n<\/ul>\n<\/li>\n<\/ul>\n<p>Ecco l&#8217;elenco dei kata dello stile Shotokan. Il nome di ogni kata \u00e8 seguito dalla sua denominazione antica.<\/p>\n<p><strong>Heian &#8211; Pinan<\/strong><\/p>\n<p>Kata di Shuri-te. Il nome originale Pinan proviene probabilmente da una serie di due kata cinesi chiamati Channan di cui non si conosce l&#8217;origine. Il significato \u00e8 &#8220;pace dello spirito&#8221;. Si tramanda che Matsumura Bushi, abbia trasformato i Channan in questi primi tre kata e insegnati ad Anko Itotsu. Si dice che il maestro Itotsu abbia codificato poi in seguito gli altri due arrivando ai cinque attuali. I kata Pinan (o Heian) sono praticati da molti stili, prevalentemente di origine Shuri e Tomari.<\/p>\n<p>Fanno parte dei kata Heian:<\/p>\n<ul>\n<li>Heian shodan<\/li>\n<li>Heian nidan<\/li>\n<li>Heian sandan<\/li>\n<li>Heian yondan<\/li>\n<li>Heian godan<\/li>\n<\/ul>\n<p><strong><strong>Tekki &#8211; Naihanchi<\/strong><\/strong><\/p>\n<p>Forme basiche della scuola Shuri-te. Il nome originale di Okinawa era Naihanchi trasformato in Tekki dal maestro Funakoshi per usare terminologie giapponesi. La traduzione originale \u00e8 &#8220;combattere tenendo la postazione&#8221; mentre la traduzione giapponese \u00e8 &#8220;cavaliere di ferro&#8221;.Il primo e secondo kata sono attribuiti a Matsumura ma non \u00e8 certo chi fu l&#8217;ideatore dei kata. Il terzo (Sandan) \u00e8 attribuito al maestro Itotsu. Si hanno tracce della pratica di Naihanchi a Shuri, a Naha e a Tomari. La leggenda vuole che questi kata raccolgano le tecniche per combattere sulla diga di un campo di riso o con un muro alle spalle e gli aggressori ai lati.<\/p>\n<p>Fanno parte dei kata Tekki:<\/p>\n<ul>\n<li>Tekki-shodan<\/li>\n<li>Tekki-nidan<\/li>\n<li>Tekki-sandan<\/li>\n<\/ul>\n<p><strong>Bassai &#8211; Passai<\/strong><\/p>\n<p>Il nome originale di Okinawa era Passai, trasformato poi in Bassai dal maestro Funakoshi in caratteri giapponesi. Kata originale della scuola Shuri-te e Tomari-te, il suo significato \u00e8 &#8220;penetrare una fortezza&#8221; oppure &#8220;togliere un sasso dalla base&#8221;. La versione &#8220;sho&#8221; \u00e8 stata ideata dal maestro Itotsu che impar\u00f2 il Passai da Matsumura. Non \u00e8 certa l&#8217;origine del kata, ma si dice che il Passai e altri kata fossero originari della Cina ed esportati alle Ryukyu nei primi anni dell&#8217;800. Esistono 12 versioni del kata codificate da altrettanti maestri. E&#8217; uno dei kata pi\u00f9 diffusi tra i vari stili.Fanno parte dei kata Bassai:<\/p>\n<ul>\n<li>Bassai-dai<\/li>\n<li>Bassai-sho<\/li>\n<\/ul>\n<p><strong>Kanku &#8211; Kushanku<\/strong><\/p>\n<p>Ku Shanku, delegato militare cinese, introdusse questo kata ad Okinawa nel 1700. Kanku significa &#8220;guardare il cielo&#8221;.Fanno parte dei kata Kanku:<\/p>\n<ul>\n<li>Kanku-dai<\/li>\n<li>Kanku-sho<\/li>\n<\/ul>\n<p><strong>Jiin<\/strong><\/p>\n<p>Kata della scuola Shuri-te proveniente da Tomari. Il suo significato \u00e8 &#8220;terreno del tempio&#8221;. Una tecnica comune alla serie dei Ji \u00e8 l&#8217;uso del &#8220;tallone della mano&#8221; (teisho) nonch\u00e8 della posizione iniziale di guardia tipicamente cinese.<\/p>\n<p><strong>Jion<\/strong><\/p>\n<p>Kata dello Shuri-te proveniente da Tomari-te. Significa &#8220;amore di Budda e riconoscenza&#8221;. Questo kata assieme al Jiin \u00e8 stato perpetuato dal maestro Itotsu, al quale si deve la trasformazione da Tomari-te a forma Shuri-te verso il 1870.<\/p>\n<p><strong>Jitte<\/strong><\/p>\n<p>Kata di Shuri-te proveniente da Tomari-te, significa &#8220;dieci mani&#8221;. In Giappone viene chiamato anche Jite o Jutte e significa che, se ben appreso, una persona pu\u00f2 far fronte a 10 avversari. Il kata \u00e8 stato codificato dal maestro Itotsu attorno al 1870.<\/p>\n<p><strong>Meikyo &#8211; Rohai<\/strong><\/p>\n<p>Rohai significa &#8220;segno di un airone&#8221; ed \u00e8 caratterizzato dalla posizione su di una sola gamba. Molto probabile la sua importazione dalla Cina da parte di un visitatore di Okinawa o da un okinawense di ritorno dalla Cina. E&#8217; comunque certa la sua nascita in Cina.\u00a0Attualmente vi sono diverse versioni di questo kata ma sono state tutte elaborate da una forma originale di Tomari-te dove venne insegnato fino al 1871. Dopo tale data questo kata assieme al Wanshu e al Wankan furono introdotti a Shuri e a Naha. Si dice che Naeda Pechin fosse uno specialista di questo kata e che il maestro Itotsu abbia sviluppato in seguito le varianti shodan, nidan e sandan del kata Rohai. Il termine giapponese Meikyo significa &#8220;specchio luminoso&#8221; oppure &#8220;guardare lo specchio&#8221;.<\/p>\n<p><strong>Nijushiho &#8211; Niseishi<\/strong><\/p>\n<p>Nijushiho significa &#8220;24 passi&#8221;. Si dice che il kata fosse originario della Cina e approdato alla scuola del Naha-te. Pare che il maestro Kamadeunchu Arakaki abbia importato il kata dalla Cina al termine di un suo viaggio (assieme a Sochin e Unsu) ai primi del 1900.<\/p>\n<p><strong>Sochin<\/strong><\/p>\n<p>Kata classificato come appartenente alla scuola Naha-te, \u00e8 stato riconosciuto per i contenuti tecnici utilizzabile anche nello Shuri-te. Il significato della traduzione del kata pu\u00f2 essere &#8220;la grande calma&#8221;, &#8220;muovere in battaglia&#8221; oppure &#8220;conservare la pace&#8221;. Anche se le ultime due traduzioni appaiono contraddittorie, sono definizioni dello stesso obiettivo, ovvero muovere verso la battaglia per interromperla e ripristinare la pace.Un altro significato che viene attribuito a questo ideogramma \u00e8 &#8220;pesante&#8221;, &#8220;stabile&#8221;. Il kata Sochin \u00e8 presente negli stili Shotokan e Shito. Nello Shotokan \u00e8 tipica l&#8217;esecuzione in fudo-dachi, mentre la versione Shito inizia in neko-ashi dachi. I primi insegnamenti del Sochin ad Okinawa si trovano con il maestro Arakaki.<\/p>\n<p><strong>Gojushiho &#8211; Ouseishi<\/strong><\/p>\n<p>Si tratta dell&#8217;ultimo kata dello Shuri-te. Il significato originale di Okinawa \u00e8 &#8220;54&#8221;, che \u00e8 stato mantenuto in giapponese aggiungendo la parola &#8220;passi&#8221;. Il kata risalta le tecniche a mano aperta nei diversi movimenti e in particolare a &#8220;becco di gru&#8221; shizuki. Una caratteristica unica di questa forma \u00e8 il barcollamento laterale che assomiglia ai movimenti insicuri di un ubriaco, tanto \u00e8 vero che spesso si fa riferimento a questo kata come al &#8220;kata dell&#8217;ubriaco&#8221;. Questo movimento barcollante laterale si trova oramai soltanto nella versione di Tomari e indica una tecnica di atterramento. Si dice che il kata sia stato importato da Matsumura dalla Cina e lo si evidenzia dalla influenza degli stili della Gru e della Tigre. Le prime notizie del kata si hanno attorno al 1600 nei testi Bubishi ove si fa riferimento a questi movimenti come a &#8220;i 54 passi della tigre nera e il pugno della gru bianca&#8221;. Si ritiene che il Gojushiho sia il pi\u00f9 antico dei kata esistenti di Okinawa.Fanno parte dei kata Gojushiho:<\/p>\n<ul>\n<li>Gojushiho-dai<\/li>\n<li>Gojushiho-sho<strong>Hangetsu &#8211; Seisan<\/strong>Si tratta di un antichissimo kata di origine cinese. Il nome originale (Seisan) si traduce con &#8220;13&#8221;, mentre in giapponese Hangetsu significa &#8220;mezza luna&#8221;. La motivazione di questo nome deriva dal fatto che il kata \u00e8 per met\u00e0 conforme ai principi del Karate di Naha e per met\u00e0 a quelli di Shuri. Inoltre, il modo di avanzare nella posizione classica assomiglia alla forma della mezza luna.Si rilevano forme molto diverse di questo stesso kata, infatti la versione della scuola di Naha-te privilegia lo stile cinese, mentre la versione Shuri-te ha avuto una sua propria evoluzione. La versione Shuri \u00e8 attribuita a Matsumura. Si dice che Hangetsu sia il pi\u00f9 antico kata dello Shuri-te.<strong>Gankaku &#8211; Chinto<\/strong>Il nome originale di Okinawa era Chinto. Il nome deriva da un marinaio cinese naufragato e soffermatosi a insegnare nelle isole Ryukyu circa 200 anni fa. Chinto pu\u00f2 essere tradotto come &#8220;combattere contro l&#8217;est&#8221; oppure &#8220;dove sorge il sole&#8221;, trasformato poi da Funakoshi nel giapponese Gankaku, &#8220;gru sulla roccia&#8221;.Si dice che sia stato tramandato da Bushi Matsumura, che svilupp\u00f2 le tecniche del cinese integrandole con quelle dello stile della gru oppure che lo abbia imparato direttamente nella forma attuale. La prima traccia di questo kata \u00e8 presente a Tomari.<strong>Enpi &#8211; Wanshu<\/strong>Il termine Wanshu proviene dal nome di un inviato militare cinese che, in visita a Okinawa, lo insegn\u00f2 nel villaggio di Tomari attorno al 1683. Il kata fu praticato esclusivamente a Tomari sino al 1871, allorch\u00e8 inizi\u00f2 ad essere praticato anche a Shuri e a Naha. Il maestro Kiyan apprese il kata da Maeda Pechin che si dice fosse uno specialista nell&#8217;eseguire questa forma. La trasformazione giapponese in Enpi signiflca &#8220;Volo di rondine&#8221;, e sintetizza l&#8217;irregolarit\u00e0 dei movimenti del kata.<strong>Chinte<\/strong>Si tratta di un kata unico che il maestro Itotsu tramand\u00f2 codificandolo su tecniche di forme precedenti. Probabilmente lo impar\u00f2 da Matsumura Bushi. Il suo significato pu\u00f2 essere letto come &#8220;calmare&#8221; o &#8220;placare&#8221;, ma lo stesso ideogramma si potrebbe tradurre anche in &#8220;insolito&#8221;, &#8220;fantasioso&#8221; oppure &#8220;mano misteriosa&#8221;, &#8220;mano rara&#8221;. Nonostante il kata originale sia stato preservato, sembra che la sua applicazione tradizionale sia stata perduta.<strong>Unsu<\/strong>Il significato letterale del nome del kata \u00e8 &#8220;nuvola-mano&#8221;, quindi pu\u00f2 essere inteso &#8220;le mani come le nuvole&#8221;, come si deduce inoltre da alcuni gesti tecnici del kata stesso. Si tratta di un kata proveniente dalla Cina che venne aggregato alla scuola di Naha-te. In seguito fu codificato anche a Shuri e trasmesso ai giorni nostri. Si dice che lo abbia introdotto a Okinawa il maestro Bushi Sakiyama e sia stato poi tramandato da Arakaki.&nbsp;\n<p><strong>Wankan &#8211; Matsukase<\/strong><\/p>\n<p>Il promotore di questo kata \u00e8 anonimo, ma \u00e8 certo che il Wankan \u00e8 rimasto per molto tempo nel repertorio delle forme di Tomari-te. Il significato degli ideogrammi \u00e8 &#8220;corona del re&#8221;. La forma praticata attualmente nello stile Shotokan risulta ridotta, si pensa che una parte di kata non sia stata codificata e sia stata quindi perduta.<\/li>\n<\/ul>\n","protected":false},"excerpt":{"rendered":"<p>Classificazione dei 26 kata shotokan &nbsp; Heian Tekki Bassai Kanku Jiin Jion Jitte Meikyo Nijushiho Sochin Gojushiho Hangetsu Gankaku Enpi Chinte Unsu Wankan \u00a0 Ecco l&#8217;elenco dei kata dello stile Shotokan. Il nome di ogni kata \u00e8 seguito dalla sua&#8230; <a class=\"read-more-button\" href=\"https:\/\/www.reimeikan.com\/dojo\/index.php\/kata\/\">(LEGGI TUTTO)<\/a><\/p>\n","protected":false},"author":1,"featured_media":0,"parent":0,"menu_order":0,"comment_status":"closed","ping_status":"closed","template":"","meta":{"footnotes":""},"_links":{"self":[{"href":"https:\/\/www.reimeikan.com\/dojo\/index.php\/wp-json\/wp\/v2\/pages\/555"}],"collection":[{"href":"https:\/\/www.reimeikan.com\/dojo\/index.php\/wp-json\/wp\/v2\/pages"}],"about":[{"href":"https:\/\/www.reimeikan.com\/dojo\/index.php\/wp-json\/wp\/v2\/types\/page"}],"author":[{"embeddable":true,"href":"https:\/\/www.reimeikan.com\/dojo\/index.php\/wp-json\/wp\/v2\/users\/1"}],"replies":[{"embeddable":true,"href":"https:\/\/www.reimeikan.com\/dojo\/index.php\/wp-json\/wp\/v2\/comments?post=555"}],"version-history":[{"count":11,"href":"https:\/\/www.reimeikan.com\/dojo\/index.php\/wp-json\/wp\/v2\/pages\/555\/revisions"}],"predecessor-version":[{"id":686,"href":"https:\/\/www.reimeikan.com\/dojo\/index.php\/wp-json\/wp\/v2\/pages\/555\/revisions\/686"}],"wp:attachment":[{"href":"https:\/\/www.reimeikan.com\/dojo\/index.php\/wp-json\/wp\/v2\/media?parent=555"}],"curies":[{"name":"wp","href":"https:\/\/api.w.org\/{rel}","templated":true}]}}